t s(i) be the first derivative of i**5/120 - 11*i**3/3 + 15. Let b(f) be the third derivative of s(f). Calculate b(-5).
-5
Suppose -u = -5*x + 17, 2*u + 2*x = -u - 34. Let i(c) = -2*c**2 - 25*c - 11. Calculate i(u).
1
Let v(m) be the third derivative of -m**6/120 - 7*m**5/60 + m**4/24 + m**3 + 3*m**2. Suppose 0 = 5*o + 37 - 2. What is v(o)?
-1
Let f be 6/(-4 + 0 + 4 + -1). Let v(t) = -2*t - 4. Give v(f).
8
Let z be 8/42 + 3/(-63)*-3. Let w(m) be the second derivative of -z*m**3 + 2*m**2 + 0 + m. Calculate w(-5).
14
Let o(d) = 7*d - 28. Let g be o(5). Let l(a) = 6*a - 15 - g*a + 18. Let t(c) = -c**3 - 4*c**2 + 6*c - 2. Let n be t(-5). Give l(n).
10
Suppose -8*w - 5*s = -13*w + 40, 0 = 5*s - 20. Suppose -3*i - w*i = 45. Let y(k) = k**3 + 4*k**2 + 3*k - 4. What is y(i)?
-4
Let c(t) = -t**2 - 12*t + 9. Let y(z) = z**2 - 8*z - 6. Let s be y(7). Let u be c(s). Let q(j) = -2*j + 1. Calculate q(u).
9
Let k(l) = -16 + 182*l**2 - 281*l**2 + 96*l**2 + l**3. Calculate k(4).
0
Let h(r) = r**2 - 11*r + 4. Let a = 43 - 50. Let j be (-10)/a*(-5 + 12). Determine h(j).
-6
Let r = -156 + 153. Let f(c) = -c**3 - 2*c**2 - 2*c + 4. Give f(r).
19
Let s be 2/6 + 26/(-6). Let y(v) be the first derivative of -v**4/4 - 2*v**3 - 5*v**2/2 - 3*v - 1183. Calculate y(s).
-15
Let f(z) = 3*z**3 - 2*z**2 + z + 1. Let c be ((-2)/8)/1 + (-9)/(-4). Give f(c).
19
Let l(u) = -2*u + 5. Let z be l(2). Let i(c) = -11*c**2 + 1. Determine i(z).
-10
Let n(s) be the third derivative of 11*s**4/24 + s**3/6 - 2*s**2 - 308*s. Suppose 14 = -2*i + 4*u, -i - 14 = -5*u + 5. Calculate n(i).
12
Let m = -256 + 171. Let a = 84 + m. Let b(r) = -r + 2. Let q(x) = -x + 1. Let p(k) = -3*b(k) + 6*q(k). Calculate p(a).
3
Suppose 3*q - 7 + 22 = 0. Let x(o) be the first derivative of -o**4/4 - 4*o**3/3 + 2*o**2 + o + 18. Calculate x(q).
6
Let o(n) = n**3 - 4*n**2 + 3*n - 4. Let j(z) = z**3 - 6*z**2 + 2*z - 6. Let w be j(6). Let r = 188 - 179. Let l = r - w. Determine o(l).
-4
Suppose 10*i + 231 = 31*i. Let h(o) = -o**2 + 13*o. Give h(i).
22
Let g(v) = -48*v + 60. Let c(y) = 7*y - 9. Let i(a) = -27*c(a) - 4*g(a). What is i(-3)?
-6
Let f(x) be the second derivative of -x**4/4 + x**3/2 - x**2/2 - 29*x + 3. Determine f(2).
-7
Let c(p) = p**3 + 5*p**2 + 2*p + 5. Let d = -10 + 10. Suppose d = -a - 3*n - n + 1, 2*a - 24 = 3*n. Let w be (a/27)/(1/(-15)). Calculate c(w).
-5
Let g(j) = -5*j**3 - 19*j**2 + 19*j - 9. Let r(f) = f**3 + f**2 - f - 1. Let l(s) = -g(s) - 6*r(s). Let h be l(12). Let t(i) = 2 - h*i - 1 + 4*i. What is t(-4)?
-3
Let i(x) = x**2 + 5*x - 1. Suppose -4*o + 7*t = 2*t - 39, -4*t = 4*o - 48. Let r = 9 - o. Let p be 5*3/6*r. Determine i(p).
-1
Let x(t) be the first derivative of t**4/4 + 2*t**3 + 3*t**2/2 + 7*t + 1. Calculate x(-6).
-11
Let k(f) = -f**2 + 7*f + 3. Let x be k(7). Suppose -5 = -2*u - x*u. Let g(j) = j**3 - 2*j**2 + 2*j - 1. What is g(u)?
0
Let m be (-6)/14 + (-119)/(-49). Let r(s) = 7*s - 4*s**2 - 4 - 14*s + 10*s + 3*s**m. What is r(3)?
-4
Let d be (-4)/(-14) + 95/35. Let q(b) = -b**2 - 5 + 0*b**d + 4 + b**3 + 15 + b. What is q(0)?
14
Let b(g) = -3*g**2 - 2*g - 2*g + 2*g**2 - 3. Let z(y) = y**2 + 2*y + 7. Let w be z(0). Suppose -4*x + w = 15. What is b(x)?
1
Let w(h) = 304 - 3*h - 148 - 153 + 4*h. Give w(0).
3
Let t(c) = 26*c**2 + 27*c + 11. Let k(n) = -15*n**2 - 14*n - 6. Let g(o) = -7*k(o) - 4*t(o). What is g(9)?
-11
Let w(k) = -2*k**2 - 3*k - 2. Let h(b) = 6*b**2 + 14*b + 9. Let a(n) = h(n) + 4*w(n). What is a(4)?
-23
Let m(b) = 2 + 17*b - 6 - 20*b. Let q(o) = -o**2 + o + 27. Let j be q(6). What is m(j)?
5
Let f(b) = -b - 11. Suppose 7*z - 35 = 105. Let l = -29 + z. Determine f(l).
-2
Suppose a + 4*s = 23, 2*s = 16*a - 12*a - 20. Let q(y) = -y**3 + 6*y**2 + 7*y - 8. Give q(a).
-8
Let m(b) = -2*b + 7. Let w(u) = 2*u**3 + 23*u**2 + 3*u - 81. Let y be w(-11). Give m(y).
-7
Let p(r) = r**2 + 11*r - 10. Suppose -5*h = -0*h + 40. Let b(j) = -3*j**2 - 31*j + 29. Let z(o) = h*p(o) - 3*b(o). Calculate z(-6).
-1
Let i(m) = 0*m**3 - 3*m**2 + 4*m**3 - 6 + 10*m - 6*m**2 - m**3 - 4*m**3. Give i(-10).
-6
Let h(m) = 70*m - 29*m + 18 - 40*m. What is h(-8)?
10
Let j(m) = -m**2 + 16*m + 25. Let g be j(17). Let n(k) = k**3 - 7*k**2 - 9*k - 6. Calculate n(g).
-14
Let o = 44 + -41. Suppose 3*g - 14 = 4*y, 2*y + 7 + 5 = 4*g. Let h(d) = 3 + 2 - g*d + o*d - 4. Give h(-1).
0
Let o(g) = -16*g + 373. Let m(h) = 5*h - 94. Let c(u) = -9*m(u) - 2*o(u). Give c(8).
-4
Let p(m) = m + 1. Let q be (-7 + 3 + 5)*-5 - -9. Determine p(q).
5
Let q(a) = -33*a**2 + 2*a - 1. Suppose 23*z = -31*z + 54. Determine q(z).
-32
Let c = -841 - -836. Let m(i) = i**3 + 2*i**2 - 11*i + 5. What is m(c)?
-15
Let w(k) = -k**3 + 10*k**2 + 13*k - 31. Let x(c) = 35*c + 536. Let f be x(-15). Determine w(f).
-9
Let g(d) = d**3 + 6*d**2 + 4*d + 2. Let c(w) = w**2 - 1. Let b(a) = c(a) - g(a). Suppose -4*v - 5*m = 16, -v = 3*m - 75 + 79. What is b(v)?
-3
Let w(z) = z**3 - 5*z**2 - 8*z + 1. Suppose 5 = -2*m + 17. What is w(m)?
-11
Let m be 6294/(-21) + (-10)/35. Let w be (m/5)/(6/(-4)). Let f = 34 - w. Let x(n) = n**3 + 5*n**2 - 7*n - 3. Determine x(f).
3
Let n = -44 + 42. Let l(g) = g**2 + 3*g + 2. Let s be l(n). Let r(u) = u**2 - u**3 + 0*u**3 - 2 - 1. Give r(s).
-3
Let b(w) be the second derivative of w**3/6 - 3*w**2/2 + 8*w. Let h be b(7). Let v(g) = -2*g**2 + 6*g - 5. Determine v(h).
-13
Let d(p) = -p**3 + 6*p**2 - 4. Let u(i) = -i**3 + 4*i**2 + 3*i + 2. Let m be u(4). Let r = 8 - 8. Suppose r = 3*a - m - 4. Give d(a).
-4
Suppose 2*g + 2*u = 14, -2*u + 4 + 6 = 0. Let b = -19 - -25. Let i(f) = -6*f**2 + f + 4*f**2 - b*f**g - 1. Calculate i(1).
-8
Let m(x) = 2*x**2 + 28*x - 19. Let d(z) = -z**3 - 13*z**2 + 67*z - 11. Let v be d(4). Determine m(v).
11
Let q(v) be the second derivative of -v**5/20 - 3*v**4/4 - 2*v**3 + 3*v**2 + 952*v. Give q(-7).
-8
Let b(k) = 10*k**3 - 42*k**2 + 13*k - 31. Let g(h) = -7*h**3 + 28*h**2 - 9*h + 20. Let t(d) = -5*b(d) - 7*g(d). What is t(14)?
-13
Let a be 3 + (31 - -4)/(-5) + 14. Let b(y) = y**2 - 9*y - 5. Determine b(a).
5
Let a be 36/(-21) + 2 + 2/(-7). Let u(o) = 17 - o**3 + a*o + 3*o - 36 + 16. Let i = -3 + 5. Give u(i).
-5
Let w(z) = -z**3 + 5*z**2 - 2*z - 4. Let q(c) = c**2 - 23*c + 46. Let j be q(21). Calculate w(j).
4
Let l(i) = 5*i**2 - 2*i + 1. Let c(g) be the third derivative of g**6/120 - g**4/6 + 2*g**3/3 - 17*g**2. Let w be c(1). Calculate l(w).
4
Let o be 2/(-2) - (-3 + 2) - -4. Suppose 2*y - o*y = -14. Let u(i) = -i**2 + 7*i + 3. Give u(y).
3
Let s(f) = -17*f - 5. Let g(m) = -4*m - 1. Let h(q) = 4*g(q) - s(q). What is h(-4)?
-3
Let r = -19 - -25. Let a be 4 + r/(-2) + (-4 - -5). Let y(d) = -3*d**2 + 2*d - 1. Give y(a).
-9
Let n(u) = -4*u + 2. Let b be 0/(-1*(-4 + 3)). Suppose -j + 3*p - 18 = 0, -p - 8 + 28 = -5*j. Let v be (b - j) + -10 + 9. Give n(v).
-6
Let s(g) = g**2 + 9*g + 7. Suppose 0 = -44*k + 7*k - 296. Determine s(k).
-1
Suppose -18*o = 30*o + 288. Let d(j) = 2*j - 5. What is d(o)?
-17
Let m(q) be the first derivative of 3*q**2/2 - q + 172. Determine m(-1).
-4
Let r(n) be the third derivative of -n**5/60 + n**4/24 - n**3 - 7*n**2. Let d be 3*((-42)/(-9) - -3). Suppose -d*l = -20*l. Calculate r(l).
-6
Suppose 479*p = 475*p + 4. Let t(s) = 6*s - 1. Give t(p).
5
Suppose -3*s + 10 = j - 0*s, 0 = -5*j + 5*s + 70. Let l(n) = n - 29. What is l(j)?
-16
Let r(d) = d**3 + 4*d**2 - 6*d - 7. Suppose 0 = -t + 8*t - 56. Let w(c) = -5*c + 35. Let b be w(t). Give r(b).
-2
Let a(q) = -5*q**3 + 3*q**2 - 1. Let d be (-7)/(-2)*(-18)/(-21) - 5. Calculate a(d).
51
Let i(h) = -3*h - 12. Let v(w) = -w**3 - 5*w**2 + 19*w + 25. Let s be v(-7). Calculate i(s).
18
Let b be -3 + 3 + -2 - (3 + 0). Let i(q) be the first derivative of -q**2/2 - q + 18. Calculate i(b).
4
Let q(x) = -5*x + 13. Suppose 4 = 4*z, 5*j + 9*z - 11 = 8*z. Give q(j).
3
Let k(m) = 3*m - 33. Let t(y) = 6*y - 77. Let r(f) = 7*k(f) - 3*t(f). Suppose 0 = -4*z - 4 - 4. Determine r(z).
-6
Let u(w) = w**3 + 2*w**2 + w - 2. Suppose -4*d = 2*t + 202 - 70, -2*t - 117 = -d. Let g = -62 - t. Determine u(g).
-4
Let f(z) be the first derivative of z**4/2 + 2*z**3/3 + 2*z**2 + 5*z + 1. Let r(p) = p**3 - p**2 + p + 1. Let l(h) = f(h) - r(h). Calculate l(-3).
-5
Let k be (-4)/(-18) + (-110)/9. Let z = 7 + k. Let r(f) be the third derivative of -f**4/24 - 5*f**3/